{"id":172,"date":"2020-02-21T18:24:24","date_gmt":"2020-02-21T18:24:24","guid":{"rendered":"https:\/\/jidedesign.ca\/?page_id=172"},"modified":"2022-01-11T19:43:28","modified_gmt":"2022-01-11T19:43:28","slug":"a-propos","status":"publish","type":"page","link":"https:\/\/jidedesign.ca\/index.php\/a-propos\/","title":{"rendered":"\u00c0 PROPOS"},"content":{"rendered":"<p><div class=\"fusion-fullwidth fullwidth-box fusion-builder-row-1 fusion-flex-container nonhundred-percent-fullwidth non-hundred-percent-height-scrolling\" style=\"background-color: rgba(255,255,255,0);background-position: center center;background-repeat: no-repeat;border-width: 0px 0px 0px 0px;border-color:#eae9e9;border-style:solid;\" ><div class=\"fusion-builder-row fusion-row fusion-flex-align-items-flex-start\" style=\"max-width:calc( 1170px + 0px );margin-left: calc(-0px \/ 2 );margin-right: calc(-0px \/ 2 );\"><div class=\"fusion-layout-column fusion_builder_column fusion-builder-column-0 fusion_builder_column_1_2 1_2 fusion-flex-column\"><div class=\"fusion-column-wrapper fusion-flex-justify-content-flex-start fusion-content-layout-column\" style=\"background-position:left top;background-blend-mode: overlay;background-repeat:no-repeat;-webkit-background-size:cover;-moz-background-size:cover;-o-background-size:cover;background-size:cover;padding: 0px 0px 0px 0px;\"><style type=\"text\/css\">@media only screen and (max-width:1024px) {.fusion-title.fusion-title-1{margin-top:24px!important; margin-right:0px!important;margin-bottom:24px!important;margin-left:0px!important;}}@media only screen and (max-width:640px) {.fusion-title.fusion-title-1{margin-top:20px!important; margin-right:0px!important;margin-bottom:20px!important; margin-left:0px!important;}}<\/style><div class=\"fusion-title title fusion-title-1 fusion-sep-none fusion-title-text fusion-title-size-one\" style=\"margin-top:24px;margin-right:0px;margin-bottom:24px;margin-left:0px;\"><h1 class=\"title-heading-left fusion-responsive-typography-calculated\" style=\"margin:0;--fontSize:84;line-height:1.4;\"><h4 class=\"\" data-fusion-font=\"true\" data-fontsize=\"30\" data-lineheight=\"24.9px\">Une artiste multidisciplinaire<\/h4><\/h1><\/div><div class=\"fusion-text fusion-text-1 fusion-animated\" data-animationType=\"fadeInLeft\" data-animationDuration=\"1.0\" data-animationOffset=\"top-into-view\"><p>Enfant, Julie Dumesnil d\u00e9montrait d\u00e9j\u00e0 beaucoup de cr\u00e9ativit\u00e9. Son sens artistique aiguis\u00e9 l\u2019a men\u00e9e \u00e0 toucher \u00e0 diverses disciplines, mais le design int\u00e9rieur a toujours \u00e9t\u00e9 au c\u0153ur de ses int\u00e9r\u00eats. Depuis aussi longtemps qu\u2019elle se souvienne, elle s\u2019int\u00e9resse \u00e0 tout ce qui entoure la conception et l\u2019am\u00e9nagement d\u2019espaces de vie, propuls\u00e9e par sa soif d\u2019apprendre.<\/p>\n<p>Durant son enfance et son adolescence, Julie Dumesnil mettait sur sa liste de cadeaux de No\u00ebl ou d\u2019anniversaire des magazines de d\u00e9coration. Elle ne compte d\u2019ailleurs plus le nombre de fois o\u00f9 elle a red\u00e9cor\u00e9 sa chambre \u00e0 coucher. Nouveau positionnement de meubles, peinture rafraichie, remplacement d\u2019objets d\u00e9coratifs\u2026 chaque centim\u00e8tre \u00e9tait repens\u00e9 et embelli selon les tendances. Gr\u00e2ce \u00e0 un p\u00e8re talentueux et habile de ses mains, elle a appris \u00e0 un jeune \u00e2ge \u00e0 manier les outils afin de fabriquer ce que sa cr\u00e9ativit\u00e9 lui dictait. L\u2019artiste adorait notamment confectionner des moulures \u00e9l\u00e9gantes afin de mettre en valeur les toiles\u2026qu\u2019elle peignait bien s\u00fbr elle-m\u00eame!<\/p>\n<\/div><style type=\"text\/css\">@media only screen and (max-width:1024px) {.fusion-title.fusion-title-2{margin-top:24px!important; margin-right:0px!important;margin-bottom:24px!important;margin-left:0px!important;}}@media only screen and (max-width:640px) {.fusion-title.fusion-title-2{margin-top:20px!important; margin-right:0px!important;margin-bottom:20px!important; margin-left:0px!important;}}<\/style><div class=\"fusion-title title fusion-title-2 fusion-sep-none fusion-title-text fusion-title-size-four\" style=\"margin-top:24px;margin-right:0px;margin-bottom:24px;margin-left:0px;\"><h4 class=\"title-heading-left fusion-responsive-typography-calculated\" style=\"margin:0;--fontSize:30;line-height:1.5;\">Dipl\u00f4mes et formation continue<\/h4><\/div><div class=\"fusion-text fusion-text-2 fusion-animated\" data-animationType=\"fadeInLeft\" data-animationDuration=\"1.0\" data-animationOffset=\"top-into-view\"><p>Julie Dumesnil a toujours \u00e9t\u00e9 avide de connaissances artistiques. Apr\u00e8s ses \u00e9tudes secondaires, elle se perfectionne notamment dans les arts plastiques, le design de pr\u00e9sentation et le design d\u2019int\u00e9rieur. Elle obtient son dipl\u00f4me en design d\u2019int\u00e9rieur en 2012. Bien qu\u2019elle ait travaill\u00e9 par la suite pendant cinq ans dans des domaines connexes, elle n\u2019a jamais cess\u00e9 de r\u00e9aliser de petits contrats \u00e0 son compte en am\u00e9nagement.<\/p>\n<p>Aujourd\u2019hui, Julie Dumesnil est toujours \u00e0 la recherche de perfectionnement. Selon elle, lorsqu\u2019on \u00e9volue dans l\u2019univers du design, il est primordial de suivre de la formation continue afin d\u2019\u00eatre \u00e0 l\u2019affut des nouveaut\u00e9s. Elle a notamment acquis dans les derni\u00e8res ann\u00e9es un dipl\u00f4me d\u2019\u00e9tudes en lancement d\u2019entreprise et a suivi des formations intensives afin de ma\u00eetriser les bases de la plomberie et de la fabrication d\u2019armoires. Et elle n\u2019a pas l\u2019intention de s\u2019arr\u00eater l\u00e0!<\/p>\n<\/div><\/div><style type=\"text\/css\">.fusion-body .fusion-builder-column-0{width:50% !important;margin-top : 0px;margin-bottom : 0px;}.fusion-builder-column-0 > .fusion-column-wrapper {padding-top : 0px !important;padding-right : 0px !important;margin-right : 15px;padding-bottom : 0px !important;padding-left : 0px !important;margin-left : 0px;}@media only screen and (max-width:1024px) {.fusion-body .fusion-builder-column-0{width:100% !important;}.fusion-builder-column-0 > .fusion-column-wrapper {margin-right : 0px;margin-left : 0px;}}@media only screen and (max-width:640px) {.fusion-body .fusion-builder-column-0{width:100% !important;}.fusion-builder-column-0 > .fusion-column-wrapper {margin-right : 0px;margin-left : 0px;}}<\/style><\/div><div class=\"fusion-layout-column fusion_builder_column fusion-builder-column-1 fusion_builder_column_1_2 1_2 fusion-flex-column\"><div class=\"fusion-column-wrapper fusion-flex-justify-content-flex-start fusion-content-layout-column\" style=\"background-position:left top;background-repeat:no-repeat;-webkit-background-size:cover;-moz-background-size:cover;-o-background-size:cover;background-size:cover;padding: 0px 0px 0px 0px;\"><div style=\"text-align:center;\"><span class=\" fusion-imageframe imageframe-none imageframe-1 hover-type-none fusion-animated\" style=\"max-width:100%;\" data-animationType=\"fadeInRight\" data-animationDuration=\"1.0\" data-animationOffset=\"top-into-view\"><img decoding=\"async\" width=\"600\" height=\"900\" title=\"julie-dumesnil-2020-jidedesign\" src=\"https:\/\/jidedesign.ca\/wp-content\/uploads\/julie-dumesnil-2020-jidedesign.jpg\" data-orig-src=\"https:\/\/jidedesign.ca\/wp-content\/uploads\/julie-dumesnil-2020-jidedesign.jpg\" alt class=\"lazyload img-responsive wp-image-253\" srcset=\"data:image\/svg+xml,%3Csvg%20xmlns%3D%27http%3A%2F%2Fwww.w3.org%2F2000%2Fsvg%27%20width%3D%27600%27%20height%3D%27900%27%20viewBox%3D%270%200%20600%20900%27%3E%3Crect%20width%3D%27600%27%20height%3D%27900%27%20fill-opacity%3D%220%22%2F%3E%3C%2Fsvg%3E\" data-srcset=\"https:\/\/jidedesign.ca\/wp-content\/uploads\/julie-dumesnil-2020-jidedesign-200x300.jpg 200w, https:\/\/jidedesign.ca\/wp-content\/uploads\/julie-dumesnil-2020-jidedesign.jpg 600w\" data-sizes=\"auto\" data-orig-sizes=\"(max-width: 1024px) 100vw, (max-width: 640px) 100vw, 600px\" \/><\/span><\/div><div class=\"fusion-text fusion-text-3\"><p style=\"text-align: right; font-size: 15px;\" data-fusion-font=\"true\">Julie Dumesnil, fondatrice de JiD\u00e9 Design<\/p>\n<\/div><\/div><style type=\"text\/css\">.fusion-body .fusion-builder-column-1{width:50% !important;margin-top : 0px;margin-bottom : 0px;}.fusion-builder-column-1 > .fusion-column-wrapper {padding-top : 0px !important;padding-right : 0px !important;margin-right : 0px;padding-bottom : 0px !important;padding-left : 0px !important;margin-left : calc( 0.04 * calc( 100% - 0px ) );}@media only screen and (max-width:1024px) {.fusion-body .fusion-builder-column-1{width:100% !important;order : 0;}.fusion-builder-column-1 > .fusion-column-wrapper {margin-right : 0px;margin-left : 0px;}}@media only screen and (max-width:640px) {.fusion-body .fusion-builder-column-1{width:100% !important;order : 0;}.fusion-builder-column-1 > .fusion-column-wrapper {margin-right : 0px;margin-left : 0px;}}<\/style><\/div><\/div><style type=\"text\/css\">.fusion-body .fusion-flex-container.fusion-builder-row-1{ padding-top : 0px;margin-top : 0px;padding-right : 0px;padding-bottom : 0px;margin-bottom : 0px;padding-left : 0px;}<\/style><\/div><div class=\"fusion-fullwidth fullwidth-box fusion-builder-row-2 fusion-flex-container nonhundred-percent-fullwidth non-hundred-percent-height-scrolling\" style=\"background-color: rgba(255,255,255,0);background-position: center center;background-repeat: no-repeat;border-width: 0px 0px 0px 0px;border-color:#eae9e9;border-style:solid;\" ><div class=\"fusion-builder-row fusion-row fusion-flex-align-items-flex-start\" style=\"max-width:1216.8px;margin-left: calc(-4% \/ 2 );margin-right: calc(-4% \/ 2 );\"><div class=\"fusion-layout-column fusion_builder_column fusion-builder-column-2 fusion_builder_column_1_1 1_1 fusion-flex-column\"><div class=\"fusion-column-wrapper fusion-flex-justify-content-flex-start fusion-content-layout-column\" style=\"background-position:left top;background-repeat:no-repeat;-webkit-background-size:cover;-moz-background-size:cover;-o-background-size:cover;background-size:cover;padding: 0px 0px 0px 0px;\"><div class=\"fusion-text fusion-text-4\"><h4 class=\"fusion-responsive-typography-calculated\" style=\"--fontsize: 30; line-height: 1.5;\" data-fusion-font=\"true\" data-fontsize=\"30\" data-lineheight=\"45px\">Une r\u00eaveuse organis\u00e9e<\/h4>\n<p>Julie Dumesnil se sent choy\u00e9e par la vie, autant sur le plan personnel que professionnel. Elle est la fi\u00e8re maman d\u2019un petit gar\u00e7on et d&rsquo;une petite fille et m\u00e8ne une vie douce avec son partenaire de vie de longue date. C\u2019est en 2015 qu&rsquo;elle concr\u00e9tise son plus grand r\u00eave : celui de dessiner et de construire enti\u00e8rement sa propre maison sur le bord de l\u2019eau, \u00e0 la campagne. Un projet qu\u2019elle a r\u00e9alis\u00e9 d\u2019une main de ma\u00eetre puisque son c\u00f4t\u00e9 artistique est tout aussi d\u00e9velopp\u00e9 que son c\u00f4t\u00e9 organisationnel. Peu de temps apr\u00e8s, pendant son premier cong\u00e9 de maternit\u00e9, elle concr\u00e9tise un deuxi\u00e8me r\u00eave en lan\u00e7ant JiD\u00e9 Design et en adh\u00e9rant \u00e0 l\u2019Association professionnelle des designers d\u2019int\u00e9rieur du Qu\u00e9bec.<\/p>\n<p>Julie Dumesnil a le pouvoir de concr\u00e9tiser vos r\u00eaves en mati\u00e8re d\u2019ambiance haut de gamme. C\u2019est une designer passionn\u00e9e, cr\u00e9ative, d\u00e9termin\u00e9e, \u00e0 l\u2019\u00e9coute de ses clients et surtout dot\u00e9e de beaucoup d\u2019humanit\u00e9.<\/p>\n<\/div><\/div><style type=\"text\/css\">.fusion-body .fusion-builder-column-2{width:100% !important;margin-top : 0px;margin-bottom : 0px;}.fusion-builder-column-2 > .fusion-column-wrapper {padding-top : 0px !important;padding-right : 0px !important;margin-right : 1.92%;padding-bottom : 0px !important;padding-left : 0px !important;margin-left : 1.92%;}@media only screen and (max-width:1024px) {.fusion-body .fusion-builder-column-2{width:100% !important;order : 0;}.fusion-builder-column-2 > .fusion-column-wrapper {margin-right : 1.92%;margin-left : 1.92%;}}@media only screen and (max-width:640px) {.fusion-body .fusion-builder-column-2{width:100% !important;order : 0;}.fusion-builder-column-2 > .fusion-column-wrapper {margin-right : 1.92%;margin-left : 1.92%;}}<\/style><\/div><\/div><style type=\"text\/css\">.fusion-body .fusion-flex-container.fusion-builder-row-2{ padding-top : 0px;margin-top : 0px;padding-right : 0px;padding-bottom : 0px;margin-bottom : 0px;padding-left : 0px;}<\/style><\/div><\/p>\n","protected":false},"excerpt":{"rendered":"","protected":false},"author":5,"featured_media":0,"parent":0,"menu_order":0,"comment_status":"closed","ping_status":"closed","template":"","meta":{"ngg_post_thumbnail":0,"footnotes":""},"class_list":["post-172","page","type-page","status-publish","hentry"],"yoast_head":"<!-- This site is optimized with the Yoast SEO plugin v17.7.1 - https:\/\/yoast.com\/wordpress\/plugins\/seo\/ -->\n<title>\u00c0 PROPOS - JID\u00c9 Design<\/title>\n<meta name=\"robots\" content=\"index, follow, max-snippet:-1, max-image-preview:large, max-video-preview:-1\" \/>\n<link rel=\"canonical\" href=\"https:\/\/jidedesign.ca\/index.php\/a-propos\/\" \/>\n<meta property=\"og:locale\" content=\"fr_CA\" \/>\n<meta property=\"og:type\" content=\"article\" \/>\n<meta property=\"og:title\" content=\"\u00c0 PROPOS - JID\u00c9 Design\" \/>\n<meta property=\"og:url\" content=\"https:\/\/jidedesign.ca\/index.php\/a-propos\/\" \/>\n<meta property=\"og:site_name\" content=\"JID\u00c9 Design\" \/>\n<meta property=\"article:modified_time\" content=\"2022-01-11T19:43:28+00:00\" \/>\n<meta name=\"twitter:card\" content=\"summary_large_image\" \/>\n<meta name=\"twitter:label1\" content=\"Estimation du temps de lecture\" \/>\n\t<meta name=\"twitter:data1\" content=\"4 minutes\" \/>\n<script type=\"application\/ld+json\" class=\"yoast-schema-graph\">{\"@context\":\"https:\/\/schema.org\",\"@graph\":[{\"@type\":\"WebSite\",\"@id\":\"https:\/\/jidedesign.ca\/#website\",\"url\":\"https:\/\/jidedesign.ca\/\",\"name\":\"JID\\u00c9 Design\",\"description\":\"Pour un d\\u00e9cor \\u00e0 votre image\",\"potentialAction\":[{\"@type\":\"SearchAction\",\"target\":{\"@type\":\"EntryPoint\",\"urlTemplate\":\"https:\/\/jidedesign.ca\/?s={search_term_string}\"},\"query-input\":\"required name=search_term_string\"}],\"inLanguage\":\"fr-CA\"},{\"@type\":[\"WebPage\",\"AboutPage\"],\"@id\":\"https:\/\/jidedesign.ca\/index.php\/a-propos\/#webpage\",\"url\":\"https:\/\/jidedesign.ca\/index.php\/a-propos\/\",\"name\":\"\\u00c0 PROPOS - JID\\u00c9 Design\",\"isPartOf\":{\"@id\":\"https:\/\/jidedesign.ca\/#website\"},\"datePublished\":\"2020-02-21T18:24:24+00:00\",\"dateModified\":\"2022-01-11T19:43:28+00:00\",\"breadcrumb\":{\"@id\":\"https:\/\/jidedesign.ca\/index.php\/a-propos\/#breadcrumb\"},\"inLanguage\":\"fr-CA\",\"potentialAction\":[{\"@type\":\"ReadAction\",\"target\":[\"https:\/\/jidedesign.ca\/index.php\/a-propos\/\"]}]},{\"@type\":\"BreadcrumbList\",\"@id\":\"https:\/\/jidedesign.ca\/index.php\/a-propos\/#breadcrumb\",\"itemListElement\":[{\"@type\":\"ListItem\",\"position\":1,\"name\":\"Home\",\"item\":\"https:\/\/jidedesign.ca\/\"},{\"@type\":\"ListItem\",\"position\":2,\"name\":\"\\u00c0 PROPOS\"}]}]}<\/script>\n<!-- \/ Yoast SEO plugin. -->","yoast_head_json":{"title":"\u00c0 PROPOS - JID\u00c9 Design","robots":{"index":"index","follow":"follow","max-snippet":"max-snippet:-1","max-image-preview":"max-image-preview:large","max-video-preview":"max-video-preview:-1"},"canonical":"https:\/\/jidedesign.ca\/index.php\/a-propos\/","og_locale":"fr_CA","og_type":"article","og_title":"\u00c0 PROPOS - JID\u00c9 Design","og_url":"https:\/\/jidedesign.ca\/index.php\/a-propos\/","og_site_name":"JID\u00c9 Design","article_modified_time":"2022-01-11T19:43:28+00:00","twitter_card":"summary_large_image","twitter_misc":{"Estimation du temps de lecture":"4 minutes"},"schema":{"@context":"https:\/\/schema.org","@graph":[{"@type":"WebSite","@id":"https:\/\/jidedesign.ca\/#website","url":"https:\/\/jidedesign.ca\/","name":"JID\u00c9 Design","description":"Pour un d\u00e9cor \u00e0 votre image","potentialAction":[{"@type":"SearchAction","target":{"@type":"EntryPoint","urlTemplate":"https:\/\/jidedesign.ca\/?s={search_term_string}"},"query-input":"required name=search_term_string"}],"inLanguage":"fr-CA"},{"@type":["WebPage","AboutPage"],"@id":"https:\/\/jidedesign.ca\/index.php\/a-propos\/#webpage","url":"https:\/\/jidedesign.ca\/index.php\/a-propos\/","name":"\u00c0 PROPOS - JID\u00c9 Design","isPartOf":{"@id":"https:\/\/jidedesign.ca\/#website"},"datePublished":"2020-02-21T18:24:24+00:00","dateModified":"2022-01-11T19:43:28+00:00","breadcrumb":{"@id":"https:\/\/jidedesign.ca\/index.php\/a-propos\/#breadcrumb"},"inLanguage":"fr-CA","potentialAction":[{"@type":"ReadAction","target":["https:\/\/jidedesign.ca\/index.php\/a-propos\/"]}]},{"@type":"BreadcrumbList","@id":"https:\/\/jidedesign.ca\/index.php\/a-propos\/#breadcrumb","itemListElement":[{"@type":"ListItem","position":1,"name":"Home","item":"https:\/\/jidedesign.ca\/"},{"@type":"ListItem","position":2,"name":"\u00c0 PROPOS"}]}]}},"_links":{"self":[{"href":"https:\/\/jidedesign.ca\/index.php\/wp-json\/wp\/v2\/pages\/172"}],"collection":[{"href":"https:\/\/jidedesign.ca\/index.php\/wp-json\/wp\/v2\/pages"}],"about":[{"href":"https:\/\/jidedesign.ca\/index.php\/wp-json\/wp\/v2\/types\/page"}],"author":[{"embeddable":true,"href":"https:\/\/jidedesign.ca\/index.php\/wp-json\/wp\/v2\/users\/5"}],"replies":[{"embeddable":true,"href":"https:\/\/jidedesign.ca\/index.php\/wp-json\/wp\/v2\/comments?post=172"}],"version-history":[{"count":25,"href":"https:\/\/jidedesign.ca\/index.php\/wp-json\/wp\/v2\/pages\/172\/revisions"}],"predecessor-version":[{"id":1898,"href":"https:\/\/jidedesign.ca\/index.php\/wp-json\/wp\/v2\/pages\/172\/revisions\/1898"}],"wp:attachment":[{"href":"https:\/\/jidedesign.ca\/index.php\/wp-json\/wp\/v2\/media?parent=172"}],"curies":[{"name":"wp","href":"https:\/\/api.w.org\/{rel}","templated":true}]}}